 o = 14 - c. Suppose 2*l - 25 = -l + 5*j, -4*l + o = j. Calculate the remainder when 19 is divided by l.
9
Suppose -7*g + 2*g + 30 = 0. Let u = 74 - 59. What is the remainder when u is divided by g?
3
Suppose 0 = 3*x - 5*t - 65, 0*t + 3 = x + 3*t. Calculate the remainder when x is divided by 9.
6
Suppose -3*y = 2*j - 139, -j = 2*y - 2*j - 81. What is the remainder when 128 is divided by y?
42
Suppose 5*s - 22 = -3*g, 2*s - 4*g = -0*s - 12. Let i(r) = 5 + s*r - 5*r**2 + 5*r - r**3 + 4*r - 2*r. Calculate the remainder when i(-7) is divided by 21.
19
Suppose -4*a + 0 = -24. Let r = 44 - 29. Calculate the remainder when r is divided by a.
3
What is the remainder when (67/(-3))/((-1)/3) is divided by 24?
19
Suppose -1 + 4 = -b. Let k = b - -3. Suppose 4*n - 23 - 1 = k. Calculate the remainder when 11 is divided by n.
5
What is the remainder when ((-264)/16)/((-3)/4) is divided by 6?
4
Let m(o) = -80*o - 9. Calculate the remainder when m(-2) is divided by 19.
18
What is the remainder when 29 is divided by (-3)/(3/(-22))*1/2?
7
Let r(u) = 3*u**2 + 3*u + 3. Let t be r(-4). Let o = t + -27. Let v = 5 + o. What is the remainder when 32 is divided by v?
15
Let k(v) = 2*v + 2. Let r be k(5). Let z = r - 10. What is the remainder when 5 is divided by z?
1
Let h = -5 - -2. Let g = 2 + h. What is the remainder when (6/(-3))/(g + -1) is divided by 1?
0
Let u = 2 - -2. Suppose -3*c = s - u, 4*s + c - 16 = -0*c. Suppose -5*i + 63 = s*p, -3 = 2*i + 3*p - 31. Calculate the remainder when 20 is divided by i.
9
Calculate the remainder when 29 is divided by -3 - -27*6/9.
14
Let p(w) be the first derivative of -11*w**4/4 + 2*w**3/3 + w**2/2 - 1. Let l(s) = -2*s + 13. Let x be l(7). What is the remainder when 35 is divided by p(x)?
11
Let q(b) = b**3 + 3*b**2 + b + 1. Suppose -4*d = -6 - 22. Calculate the remainder when d is divided by q(-2).
1
Suppose -4*n = -3*z - 0*n + 162, -5*z - 3*n = -270. What is the remainder when z is divided by 19?
16
Let b = 56 + -98. Let f = -28 - b. Suppose -45 = -a + 5*s, 3*a - 2*s = s + 123. Calculate the remainder when a is divided by f.
12
What is the remainder when 24 is divided by (63/14)/((-2)/(-4))?
6
Suppose 3*i = 6*i. Suppose -d - 2*d + 9 = i. Suppose 0 = -3*v + 4 + 2. What is the remainder when d is divided by v?
1
Suppose 4*t + 3*y = 126, t + t = 4*y + 74. What is the remainder when t is divided by 9?
6
Suppose 1 + 14 = 3*p. Suppose 0*l = -p*l + 215. Suppose -5*m + 34 = -2*j - 51, -2*j = -4*m + 70. Calculate the remainder when l is divided by m.
13
Let l(c) = c**3 + 8*c**2 + 6*c + 8. Calculate the remainder when l(-7) is divided by 8.
7
Let i be 4/6 - (-8)/6. Suppose 0 = -j + 2*j - i. Suppose -3*h = 3*s - 66, 43 + 8 = 3*h - j*s. What is the remainder when 55 is divided by h?
17
Let i = -2 - -5. Suppose -5*m - i*l = -105, -5*m - 5*l + 33 + 72 = 0. Suppose 0 = 2*c - c - m. Calculate the remainder when c is divided by 11.
10
Suppose q = 32 + 9. Calculate the remainder when q is divided by 22.
19
What is the remainder when 1 + -2 - (-32 - 7) is divided by 10?
8
Let f = 58 + -97. Let r = -28 - f. Calculate the remainder when 21 is divided by r.
10
Let g(r) = 9*r**2 - 4*r + 2. Let j be g(2). Let w = -14 + j. Let b(k) = -k**3 + 3*k - 5. What is the remainder when b(-4) is divided by w?
15
Suppose -45 = -i - o, i = -5*o + 26 + 19. Let d = -25 + i. Suppose 5*b + 3*t = 32, 2*b + 2*b - d = -t. Calculate the remainder when b is divided by 3.
1
Let a(n) = -n + 2. Let o be a(-2). Calculate the remainder when 8 is divided by 7/2 + o/(-8).
2
Let u = -3 - -1. Let j = u - -6. Calculate the remainder when (j/3)/(10/105) is divided by 8.
6
Let p(d) = -3 - 6 - 3*d + 5*d. Calculate the remainder when 2/7 + (-141)/(-21) is divided by p(6).
1
Calculate the remainder when 1/(-5) - 260/(-50) is divided by 3.
2
Let w be 25/(-15)*(-6)/5. Suppose i - w = 2. Calculate the remainder when 8 is divided by i.
0
Suppose -4*c + 2*r - 22 = 0, 3*c + 3*r + 23 = 2*c. Let l = 0 - c. What is the remainder when 15 is divided by l?
7
Let a be ((-9)/6)/((-12)/(-32)). Let j(z) = z**2 - 4. Calculate the remainder when 23 is divided by j(a).
11
Suppose 3*y - 278 = -32. Calculate the remainder when y is divided by 22.
16
Suppose -4*t + 145 = -5*s, 2*t + 0*t = -s - 15. Let h = s + 39. What is the remainder when 41 is divided by h?
13
Suppose 6 = -3*z + 2*f, 2*z + 3*f - 9 = 3*z. Let g = 4 - z. What is the remainder when 10 is divided by g?
2
Let j(a) = 2*a**2 + 3*a - 3. Let c be -5*(-3)/(-15)*-2. What is the remainder when j(c) is divided by 3?
2
Let d be 10 - 3 - (-2)/1. Let k(i) = i**2 - 6*i + 7. Let z be k(d). Let b = -21 + z. Calculate the remainder when 25 is divided by b.
12
Let f(x) = 3*x + 13 - 14 + 0*x. Calculate the remainder when f(5) is divided by 6.
2
Suppose -q + 16 = -3*p, 2*q - 8 = p + 4. Suppose 5 + 4 = 3*v - 4*f, -q*v - 4*f + 40 = 0. Calculate the remainder when 11 is divided by v.
4
Let u = -55 + 62. What is the remainder when 67 is divided by u?
4
Suppose -5*k = -2*k - 36. Let y = 14 - k. Calculate the remainder when 7 is divided by y.
1
Let u = -2 + 8. What is the remainder when 11 is divided by u?
5
Let f = 8 - -1. Suppose -3*b = -f + 3, -b = c - 2. What is the remainder when 12 is divided by (-12)/(-2) + 1 + c?
5
Suppose -1208 = -9*l + 97. What is the remainder when l is divided by 21?
19
Let m be (2 + -1)/((-5)/(-20)). Suppose m*c = 333 - 5. What is the remainder when c is divided by 21?
19
Suppose 3*t + 0*o - 2*o = 232, -2*o - 158 = -2*t. What is the remainder when t is divided by 26?
22
Let n = 0 - -2. What is the remainder when 3 is divided by n?
1
Let d = 5 - -1. Suppose 3*g = 4*t + 22, -4*g + d*t - 2*t = -36. Calculate the remainder when 55 is divided by g.
13
Let m = -2 + 5. Let u(c) = -c**3 - 2*c**2 + c - 1. What is the remainder when u(-3) is divided by m?
2
Let m(u) = -u**3 + u**2 + 11. What is the remainder when 43 is divided by m(0)?
10
Suppose 3*r - 32 - 34 = 0. Calculate the remainder when 63 is divided by r.
19
Suppose 46 - 242 = -7*j. Calculate the remainder when j is divided by 8.
4
Suppose -3*i = -21 + 6, -2*i = -z + 127. Calculate the remainder when z is divided by 28.
25
Let m(v) = 3*v**2 - v + 1. What is the remainder when m(4) is divided by 46/3 - (-12)/18?
13
Suppose -2*g + 3*g = 3, -3*g = 3*u - 12. Let b be 41/(3 - 2/u). Suppose 3*v = 4*x - b, x + 0*v + v = 19. Calculate the remainder when x is divided by 5.
4
Let u(x) = -x**2 + 19*x - 38. Calculate the remainder when u(15) is divided by 12.
10
Suppose 3*y + 218 - 650 = 0. Let v = -87 + y. Calculate the remainder when v is divided by 29.
28
Calculate the remainder when 27 is divided by 1/(4/(-132)*-3).
5
Let d = -1 + 5. Suppose 0 = d*i + 12, 253 = -5*l - 0*l - i. Let n = -33 - l. Calculate the remainder when n is divided by 9.
8
Let w be 82/(0 - (-1 + -1)). Let n = w + -1. Calculate the remainder when n is divided by 14.
12
Let w(s) = 35*s. Let y be w(1). Suppose y = 4*g + 5*r, -g + 5*g - r = 17. Suppose -g = -3*f + 28. What is the remainder when 32 is divided by f?
10
Let v = 13 - 8. Suppose 5*o = -v*l, 2*l + 1 + 1 = -o. Suppose 0 = -2*n + 2 - 0. What is the remainder when o is divided by n?
0
Let v be 63/2 - (-1)/(-2). Let h = v - 17. Calculate the remainder when 40 is divided by h.
12
Suppose 4*f = 3*z + 219, 2*f - 6*f - 5*z = -243. What is the remainder when 396 is divided by f?
54
Let w = -11 + 19. Let q = w + 3. What is the remainder when q is divided by 6?
5
Suppose -3*r + 4 = 16, 5*b + 4*r + 11 = 0. Calculate the remainder when 3 is divided by b.
0
What is the remainder when (-2 + 4)/((-3)/(-138)) is divided by 21?
8
Let g = -76 + 108. Calculate the remainder when 62 is divided by g.
30
Let n be (26/6)/((-5)/(-90)). Suppose -125 = 4*i - 9*i - 5*h, 2*i = 5*h + n. Let a = 42 + -27. Calculate the remainder when i is divided by a.
14
Let t = 51 + -30. Calculate the remainder when 82 is divided by t.
19
What is the remainder when 4/12*-3 - -83 is divided by 17?
14
Suppose 5*t = -4*d + 154, -5*t - d = 66 - 217. What is the remainder when 87 is divided by t?
27
Suppose -10 = 4*w + w. Let i = w + 14. Suppose 78 = 3*x - 24. Calculate the remainder when x is divided by i.
10
Suppose 0 = -4*i + 64. What is the remainder when 60 is divided by i?
12
Suppose -2*q + 11 = -11. Suppos